**3 + 10*x**2 - 36*x + 66. Give o(6).
-6
Let q(t) = t - 7. What is q(4)?
-3
Let z(m) = 4*m + 20. What is z(-25)?
-80
Let l(d) = -d**2 + 5*d + 6. Give l(-4).
-30
Let o(z) = z**3 + 5*z**2 + z + 1. Determine o(-6).
-41
Let j(x) = -x**2 - 15*x + 34. Determine j(2).
0
Let n(t) = 4*t**3 + 29*t**2 + 4*t - 5. What is n(-7)?
16
Let o(s) = s**2 + 9*s + 40. Give o(0).
40
Let v(u) = u**3 - 34*u**2 - 10*u + 333. Determine v(34).
-7
Let t(u) = 7*u + 20. What is t(-4)?
-8
Let z(t) = t**2 - 7*t - 2. Determine z(9).
16
Let u(n) = -n**3 - 6*n**2 - 4*n - 13. What is u(-6)?
11
Let w(h) = -h**3 - 9*h**2 - 16*h - 1. What is w(-7)?
13
Let i(h) = h**3 + 17*h**2 + 2*h + 38. Calculate i(-17).
4
Let l(j) = 8*j - 49. Determine l(8).
15
Let u(v) = -v**2 - 3*v + 15. Calculate u(4).
-13
Let v(s) = -s**3 + 2*s**2 + 3*s - 2. Determine v(-2).
8
Let r(l) = l**2 + 2*l. Determine r(-3).
3
Let n(q) = 3*q**2 + 4*q + 3. Calculate n(-2).
7
Let i(y) = 18*y**2 + 9*y - 2. What is i(3)?
187
Let t(r) = 24*r - 646. Give t(27).
2
Let a(s) = -2*s**2 - s + 14. Determine a(3).
-7
Let y(d) = 15*d - 3. Calculate y(1).
12
Let q(f) = -f**3 - 42*f**2 + f + 37. Calculate q(-42).
-5
Let s(p) = 108*p**2 + 5*p - 2. What is s(1)?
111
Let h(i) = -3*i - 5. Determine h(2).
-11
Let j(g) = g**3 + 7*g**2 + g - 8. Calculate j(-6).
22
Let h(z) = 9*z**2 + 2*z - 6. Give h(-3).
69
Let r(b) = -6*b + 4. Determine r(2).
-8
Let f(v) = -4*v - 3. Give f(4).
-19
Let c(k) = 3*k**2 + k. What is c(0)?
0
Let p(l) = l**2 - 20*l - 8. Determine p(21).
13
Let o(w) = -w**2 - 11*w - 15. Calculate o(-4).
13
Let g(f) = -f**3 + 11*f**2 - 12*f + 14. Determine g(10).
-6
Let n(m) = m**2 + 5*m - 19. Determine n(-9).
17
Let v(h) = 3*h + 9. Give v(-9).
-18
Let b(x) = 4*x - 60. Give b(14).
-4
Let g(t) = t**3 - 6*t**2 - t + 8. Give g(6).
2
Let t(h) = -h**3 - 8*h**2 + 9*h - 10. Give t(-9).
-10
Let t(w) = w**3 + 7*w**2 - w + 9. Determine t(-6).
51
Let a(w) = -w - 11. What is a(-6)?
-5
Let c(p) = p**3 + 4*p**2 + 4*p + 2. Give c(-2).
2
Let z(b) = 26*b + 28. Determine z(-1).
2
Let a(s) = -s**3 + 15*s**2 - 28*s + 33. What is a(13)?
7
Let n(q) = -q + 13. Calculate n(-6).
19
Let l(r) = r**2 + 16*r - 62. What is l(-19)?
-5
Let t(h) = -h + 4. What is t(5)?
-1
Let w(l) = -l**2 - 2*l + 7. Give w(-3).
4
Let r(t) = -25*t - 47. Calculate r(-5).
78
Let u(i) = 9*i - 1. Give u(-5).
-46
Let h(q) = -q**3 + 13*q**2 + 50*q - 29. Give h(16).
3
Let l(z) = z**3 - 11*z**2 + 7*z - 10. Determine l(10).
-40
Let r(t) = t**2 - 51*t + 88. Determine r(49).
-10
Let s(q) = 9*q**3 + 4*q - 3. Calculate s(1).
10
Let u(b) = b**3 - 8*b**2 + 7*b + 14. Determine u(6).
-16
Let k(m) = 4*m**2 - 8*m - 2. Give k(4).
30
Let u(p) = p**3 - 23*p**2 + 41*p - 1. Determine u(21).
-22
Let o(u) = 18*u**3 - u**2 - 2*u - 6. Give o(-2).
-150
Let y(g) = -g**3 + 5*g**2 + 5*g + 1. Calculate y(6).
-5
Let v(p) = 2*p**2 - 32*p + 4. What is v(14)?
-52
Let a(t) = -t**3 + 10*t**2 + 14*t - 14. Give a(11).
19
Let z(p) = -p**3 - 3*p**2 + 20*p + 13. Determine z(-6).
1
Let f(l) = l**2 - 4*l - 34. What is f(8)?
-2
Let k(w) = -21*w + 1097. What is k(52)?
5
Let a(l) = l**2 + 11*l - 106. What is a(6)?
-4
Let a(i) = -i**3 - 8*i**2 - 5*i - 2. Determine a(-6).
-44
Let t(s) = 8*s - 7. Give t(0).
-7
Let f(d) = -d**3 - 6*d**2 - 5*d - 2. Give f(-4).
-14
Let h(o) = -o**3 - 10*o**2 + 8*o + 8. What is h(-11)?
41
Let p(a) = -2*a**3 + 45*a**2 - 20*a - 42. Calculate p(22).
2
Let n(a) = -3*a - 4. Give n(-4).
8
Let s(b) = -b**3 + 19*b**2 - 72*b + 19. Determine s(14).
-9
Let p(o) = -o**2 - 14*o - 44. Calculate p(-9).
1
Let g(z) = z**3 + 6*z**2 + 5*z + 3. What is g(-6)?
-27
Let u(d) = -d**3 + 11*d**2 + 2*d - 26. Give u(11).
-4
Let y(l) = l**2 - 14*l + 38. Give y(9).
-7
Let g(k) = -k**3 + 2*k**2 + 2*k + 1. Calculate g(3).
-2
Let h(l) = -l**3 + 2*l**2 + 7*l - 3. What is h(4)?
-7
Let c(s) = 2*s**3 + 56*s**2 + 2*s + 30. Give c(-28).
-26
Let q(f) = 2*f**2 - 11*f. Determine q(8).
40
Let j(g) = g + 5. What is j(5)?
10
Let c(f) = -3*f**2 + 13*f - 4. Give c(5).
-14
Let f(d) = -d**3 - 14*d**2 + d - 18. What is f(-14)?
-32
Let g(h) = -2*h**3 - 25*h**2 - 15*h - 15. Calculate g(-12).
21
Let h(y) = y**3 + 14*y**2 - 16*y - 22. Give h(-15).
-7
Let g(f) = -14*f**2 - 2*f + 2. Determine g(-2).
-50
Let b(t) = t**3 - 7*t**2 + 8*t - 11. Give b(6).
1
Let n(r) = -5*r**2 + 32*r - 2. Determine n(6).
10
Let k(p) = p**3 - 8*p**2 + p + 4. Give k(8).
12
Let s(v) = 4*v + 2. What is s(1)?
6
Let w(n) = -8*n - 244. Give w(-26).
-36
Let u(w) = 3*w + 17. Calculate u(-7).
-4
Let z(a) = a**3 - 2*a**2 + 3*a - 10. What is z(0)?
-10
Let d(n) = 2*n**3 + 8*n**2 - 20*n - 47. What is d(-5)?
3
Let s(v) = v**3 + 8*v**2 + 10*v - 11. Give s(-6).
1
Let o(u) = u + 15. What is o(-8)?
7
Let q(d) = 3*d + 5. Determine q(-5).
-10
Let c(u) = -u + 11. Determine c(8).
3
Let g(y) = y**2 - y - 4. Give g(4).
8
Let z(j) = 47*j - 142. Determine z(3).
-1
Let f(l) = l**2 + 5*l - 14. What is f(-7)?
0
Let w(r) = -24*r - 1. What is w(-1)?
23
Let c(q) = q - 4. Determine c(9).
5
Let l(u) = -u**3 - 10*u**2 - 16*u + 2. What is l(-8)?
2
Let n(p) = 4*p**2 - 34*p - 1. Determine n(10).
59
Let g(a) = 44*a + 568. Determine g(-13).
-4
Let k(q) = -10*q. Give k(1).
-10
Let p(u) = -11*u**3 + u**2. Calculate p(-1).
12
Let z(u) = -u**3 - 42*u**2 + 87*u - 26. Calculate z(-44).
18
Let z(j) = -j**3 - 5*j**2 + 13*j - 22. What is z(-7)?
-15
Let r(f) = f**2 - 3. Give r(2).
1
Let j(l) = 4*l + 42. Calculate j(-13).
-10
Let o(f) = 12*f**2 + 1. Determine o(-2).
49
Let o(z) = z**3 + 7*z**2 + z + 7. Calculate o(-7).
0
Let i(f) = f**2 + 29*f - 162. Give i(-34).
8
Let d(j) = -2*j**3 - 37*j**2 - 21*j - 26. Give d(-18).
28
Let l(r) = 43*r**2 - r. What is l(1)?
42
Let h(b) = b**3 + 4*b**2 + 2*b - 1. Determine h(-3).
2
Let a(v) = -v**2 - 5*v - 5. Calculate a(-2).
1
Let p(t) = -t**2 + 17*t - 45. Give p(9).
27
Let p(v) = -v**3 + 2*v**2 + 841*v + 25. What is p(-28)?
-3
Let r(z) = 3*z - 51. Calculate r(10).
-21
Let p(a) = -2*a**3 - 46*a**2 + 3*a + 62. Calculate p(-23).
-7
Let l(b) = 2*b**2 - b. What is l(2)?
6
Let t(s) = -99*s + 297. What is t(3)?
0
Let t(m) = m**2 + 16*m - 7. Determine t(-9).
-70
Let a(p) = -p**3 + 2*p**2 + 9*p - 10. Calculate a(5).
-40
Let j(n) = -n**3 - 16*n**2 - 29*n - 13. Calculate j(-14).
1
Let r(x) = -8*x - 102. Give r(-15).
18
Let l(i) = 4*i - 4. Determine l(-8).
-36
Let n(o) = o**3 + 8*o**2 + 8*o - 5. Determine n(-7).
-12
Let r(p) = -5*p + 42. What is r(7)?
7
Let j(t) = -3*t + 8. Calculate j(7).
-13
Let y(t) = 6*t**2 + t. Determine y(-1).
5
Let f(d) = -d**3 - 6*d**2 - d - 1. Calculate f(-6).
5
Let z(y) = -y**2 + 17*y - 16. What is z(16)?
0
Let u(i) = -i**3 + 2*i**2 + 2*i + 2. Calculate u(3).
-1
Let v(p) = 4*p**2 - 3*p + 2. What is v(1)?
3
Let u(y) = -y**2 + y - 3. Calculate u(5).
-23
Let a(i) = -85*i - 89. Determine a(-1).
-4
Let n(z) = -z**3 + 7*z**2 - 7*z - 10. Calculate n(6).
-16
Let u(l) = -13*l - 337. What is u(-26)?
1
Let d(h) = -h**2. What is d(6)?
-36
Let d(a) = a**2 - 7*a - 9. Calculate d(6).
-15
Let l(b) = b**2 - 56*b - 114. Give l(-2).
2
Let c(h) = 8*h**3 + 2*h**2. Give c(1).
10
Let i(a) = a**2 + 5*a - 1. What is i(-4)?
-5
Let b(i) = i**3 - 25*i**2 + 54*i - 189. Give b(23).
-5
Let l(d) = -5*d**2 + d - 2. Give l(-2).
-24
Let r(i) = -i**3 - 8*i**2 - 9*i - 1. Give r(-7).
13
Let s(x) = -16*x - 81. Give s(-3).
-33
Let w(h) = 6*h**3 + 4*h**2 - h - 4. Determine w(-1).
-5
Let n(q) = q**2 - 60*q - 186. Give n(-3).
3
Let v(y) = -73*y**2 - 582*y + 5. Determine v(-8).
-11
Let q(t) = 11*t**2 + 108*t - 12. Determine q(-10).
8
Let l(h) = -h**3 + 8*h**2 - 5*h - 18. Calculate l(8).
-58
Let a(q) = q**3 + 8*q**2 + 2*q + 17. Give a(-9).
-82
Let i(s) = 6*s**3 + 4*s**2 - 3*s - 4. Determine i(2).
54
Let i(n) = -n**2 + 12*n + 7. Determine i(13).
-6
Let a(l) = l**2 - 3*l - 36. What is a(-5)?
4
Let u(z) = -z**3 + 7*z**2 - 4*z + 1. Give u(6).
13
Let c(p) = 6*p + 5. Determine c(0).
5
Let d(n) = n**3 + n**2 + 5*n + 6. Determine d(-4).
-62
Let d(z) = 6*z + 11. Calculate d(4).
35
Let j(y) = -y**3 - 9*y**2 + 3*y + 11. Give j(-9).
-16
Let x(d) = -d**3 + 11*d**2 + 3*d - 25. Give x(11).
8
Let x(i) = 44*i - 2. Determine x(-1).
-46
Let g(r) = -2*r**3 + 6*r**2 - 2*r + 6. Calculate g(3).
0
Let l(y) = -y**3 - 6*y**2 - 1. Calculate l(-6).
-1
Let j(l) = -l**2 + 3*l + 17. What is j(8)?
-23
Let n(q) = -q**3 - 11*q**2 - 20*q - 8. Determine n